g**2 - 3*g - 4. Determine q(-2).
-6
Let s(j) = j**3 - 9. What is s(0)?
-9
Let n(u) = 2*u**3 - 7*u**2 + 6*u - 4. Determine n(3).
5
Let o(c) = 6*c + 136. Calculate o(-28).
-32
Let y(g) = 86*g**3 - g**2 + 4*g - 4. Give y(1).
85
Let v(n) = 8*n**2 - n + 1. What is v(2)?
31
Let d(x) = 2*x**3 - 2*x**2 - 2*x. What is d(-2)?
-20
Let c(r) = -2*r**3 + 3*r**2 + 2*r - 6. Calculate c(0).
-6
Let a(l) = -l**3 + 5*l**2 + 27*l - 20. Calculate a(8).
4
Let b(o) = 32*o + 482. Determine b(-15).
2
Let y(z) = -3*z**3 + 6*z**2 + 4*z + 3. What is y(4)?
-77
Let g(o) = o**2 - 4*o - 3. Give g(3).
-6
Let t(g) = -3*g**2 - 4*g - 2. What is t(4)?
-66
Let n(d) = -2*d + 4. Determine n(-2).
8
Let l(h) = 11*h - 61. Give l(6).
5
Let t(s) = -21*s - 164. What is t(-8)?
4
Let f(b) = -b**3 + 4*b**2 + 5*b - 2. Calculate f(5).
-2
Let i(p) = p**3 - 15*p**2 + 14*p + 16. Determine i(14).
16
Let b(s) = -7*s**2 - 3*s. Determine b(2).
-34
Let l(q) = -q - 9. What is l(-15)?
6
Let y(g) = -g**3 + 37*g**2 - 68*g - 71. Determine y(35).
-1
Let r(h) = -4*h**2 + 41*h - 10. Determine r(10).
0
Let o(k) = -4*k**2 + 35*k + 29. Calculate o(10).
-21
Let h(l) = 14*l - 141. What is h(15)?
69
Let x(m) = -2*m**2 + 19*m - 49. Calculate x(4).
-5
Let m(v) = 2*v + 23. What is m(-10)?
3
Let y(h) = 5*h - 124. Calculate y(25).
1
Let q(c) = c - 2. What is q(0)?
-2
Let j(x) = x**3 + 13*x**2 + 13*x + 12. Determine j(-12).
0
Let g(s) = -s**2 - 2*s + 6. Give g(5).
-29
Let a(x) = -x**3 - 7*x**2 + 15*x - 19. Give a(-9).
8
Let p(x) = -4*x + 85. Determine p(17).
17
Let b(o) = o**2 + 2*o - 41. Calculate b(0).
-41
Let n(r) = -r - 6. What is n(0)?
-6
Let i(r) = r**3 + 9*r**2 - 13*r + 10. Determine i(-10).
40
Let a(q) = q**2 - 7*q - 2. Calculate a(8).
6
Let d(r) = 2*r**3 - 62*r**2 + r - 11. Give d(31).
20
Let y(n) = n**2 + 7*n - 9. Calculate y(-6).
-15
Let b(g) = -16*g. Calculate b(-1).
16
Let g(h) = -2*h + 23. Give g(11).
1
Let h(u) = -6*u + 40. Calculate h(8).
-8
Let r(s) = s**2 + 6*s + 10. Calculate r(0).
10
Let s(j) = -j**3 - 48*j**2 + 40*j - 449. Determine s(-49).
-8
Let q(v) = 2*v**3 - 16*v**2 + 21*v - 165. Calculate q(8).
3
Let w(s) = -12*s + 32. Calculate w(3).
-4
Let n(l) = l**3 + l**2 + l + 6. Calculate n(0).
6
Let g(i) = i**3 - 6*i**2 + 8*i - 7. What is g(5)?
8
Let w(i) = 11*i + 302. Calculate w(-27).
5
Let c(b) = -b**3 - b**2 + b - 4. What is c(0)?
-4
Let b(r) = 3*r - 7. What is b(6)?
11
Let v(o) = -o**3 - o**2 - 6*o + 10. Calculate v(3).
-44
Let i(h) = 2*h**2 + 22*h - 43. Calculate i(-13).
9
Let f(z) = -z**3 + 12*z**2 + z + 17. Give f(12).
29
Let j(q) = q**2 + q - 1. Give j(-3).
5
Let q(s) = -10*s. Determine q(2).
-20
Let l(h) = 5*h**2 + 2*h + 1. Determine l(-3).
40
Let g(l) = 14*l - 3. Calculate g(1).
11
Let k(t) = -4*t + 1. Determine k(-1).
5
Let h(n) = n**3 + 17*n**2 + 17*n + 37. Calculate h(-16).
21
Let i(b) = 2*b**2 + 4*b - 2. What is i(3)?
28
Let l(o) = o**2 - 25*o - 34. Calculate l(22).
-100
Let u(c) = 29*c + 1. Give u(1).
30
Let o(w) = -w**3 - 3*w**2 - 3*w - 2. Give o(-2).
0
Let g(s) = s + 1. Calculate g(-4).
-3
Let b(j) = 38*j - 38. Give b(1).
0
Let h(f) = -2*f**2 + 5*f - 2. Calculate h(5).
-27
Let c(a) = -2*a - 21. Calculate c(-10).
-1
Let x(y) = y**3 - 10*y**2 + 26*y - 10. Determine x(4).
-2
Let u(h) = 10*h + 67. What is u(-7)?
-3
Let f(r) = 2*r**2 + 45*r + 25. Give f(-22).
3
Let f(s) = s**3 - 4*s. Give f(4).
48
Let f(k) = -k**3 + 15*k**2 + 33*k + 26. Determine f(17).
9
Let u(d) = 7*d**2 - 48*d - 1. Give u(7).
6
Let k(y) = -13*y - 188. Calculate k(-14).
-6
Let q(x) = -x**2 - 12*x + 210. What is q(-22)?
-10
Let b(t) = t**2 - 16*t + 62. Calculate b(6).
2
Let j(p) = 124*p + 739. What is j(-6)?
-5
Let q(f) = f**2 + 11*f + 15. Calculate q(-10).
5
Let v(o) = 7*o + 31. Give v(-4).
3
Let g(l) = 2*l + 8. Determine g(-2).
4
Let l(q) = -7*q + 34. Calculate l(-2).
48
Let a(k) = -9*k + 58. Give a(17).
-95
Let c(w) = -8*w - 8. Determine c(-2).
8
Let o(n) = n**2 + 18*n + 80. Calculate o(-8).
0
Let g(r) = r**3 - 6*r**2 + 5*r + 6. Give g(6).
36
Let y(s) = -s**2 + 10*s + 12. What is y(12)?
-12
Let x(g) = -g**3 - 17*g**2 + 4. What is x(-17)?
4
Let t(u) = -u**2 - 14*u - 38. Calculate t(-4).
2
Let z(m) = -3*m - 59. Give z(0).
-59
Let j(k) = k**2 - 4. Determine j(2).
0
Let p(g) = 68*g + 610. What is p(-9)?
-2
Let j(c) = -c**3 - 14*c**2 - 13*c - 5. What is j(-13)?
-5
Let m(i) = i**3 - 17*i**2 - 3*i + 18. What is m(17)?
-33
Let j(w) = 2*w**3 + 18*w**2 - 16*w + 20. Determine j(-10).
-20
Let m(l) = -l**3 - 9*l**2 + 2*l + 11. Calculate m(-9).
-7
Let b(o) = -9*o + 77. Calculate b(10).
-13
Let r(c) = -3*c**3 - 20*c**2 - 15*c - 25. Determine r(-6).
-7
Let x(l) = -l**2 + 4*l + 36. What is x(9)?
-9
Let p(w) = 17*w - 80. Give p(0).
-80
Let h(t) = t**3 + 7*t**2 + t + 9. Determine h(-7).
2
Let b(v) = v**3 - 3*v**2 - 4. Determine b(3).
-4
Let c(d) = -d**2 - 6*d + 6. Calculate c(4).
-34
Let p(g) = g**3 + 11*g**2 + 16*g - 15. Give p(-9).
3
Let d(b) = 3*b - 1. What is d(6)?
17
Let j(l) = -3*l**2 - 96*l + 8. Determine j(-32).
8
Let v(g) = 2*g**2 + 19*g - 11. Determine v(-10).
-1
Let j(h) = -h**2 + 13*h - 24. Determine j(13).
-24
Let h(b) = -2*b**2 + 5*b + 9. Calculate h(4).
-3
Let s(c) = -9*c + 4. What is s(-4)?
40
Let q(m) = 4*m**2 + 40*m + 10. Calculate q(-10).
10
Let a(p) = 17*p**3 + 2*p + 1. Give a(-1).
-18
Let m(r) = -r**3 + 11*r**2 - r + 17. What is m(11)?
6
Let h(i) = -i**2 + 14*i + 131. Calculate h(-6).
11
Let h(i) = 6*i**2 + 5*i - 4. What is h(-2)?
10
Let q(o) = 9*o - 4. Give q(10).
86
Let c(k) = 2*k - 8. Determine c(8).
8
Let d(l) = -l**2 - 5*l + 4. Determine d(-6).
-2
Let s(v) = v**2 - 35*v - 336. What is s(-8)?
8
Let c(y) = y**2 - 7*y - 9. Determine c(7).
-9
Let c(g) = -g**3 + 18*g**2 - 23*g + 79. What is c(17)?
-23
Let n(j) = -j**2 + 28*j - 66. Give n(25).
9
Let g(x) = -x**3 - 10*x**2 - x. Give g(-4).
-92
Let g(x) = -x**3 - 11*x**2 - 2*x + 1. Calculate g(-11).
23
Let c(b) = b**2 + 3*b + 1. Give c(-2).
-1
Let c(r) = -r**2 + 19*r + 23. Give c(20).
3
Let k(v) = v**2 - 7*v + 4. Give k(6).
-2
Let g(w) = w**3 + w**2 - 18*w + 5. Calculate g(-5).
-5
Let i(a) = -a**2 - 80*a + 516. Give i(6).
0
Let l(o) = o**2 - 8*o. Give l(7).
-7
Let f(n) = 3*n + 33. Determine f(-14).
-9
Let n(c) = 4*c - 14. What is n(0)?
-14
Let c(n) = n**3 + 9*n**2 + 10*n + 15. Calculate c(-8).
-1
Let v(q) = -q**3 + 4*q**2 - 4*q - 3. Determine v(4).
-19
Let i(g) = g**2 + 16*g - 35. What is i(-18)?
1
Let b(n) = n**3 + 6*n**2 - 28*n - 16. Calculate b(-9).
-7
Let z(b) = b**3 + 5*b**2 + 7*b + 68. What is z(-6)?
-10
Let n(o) = o**3 - o**2 - 4*o + 3. Determine n(3).
9
Let h(o) = 6*o**2 - 2*o - 1. Determine h(-2).
27
Let a(n) = 3*n - 44. Calculate a(18).
10
Let d(j) = 61*j**3 + 7*j**2 - 6*j. Determine d(1).
62
Let t(z) = -z**3 - 3*z**2 - 5*z + 3. Calculate t(3).
-66
Let g(f) = -f**3 - 13*f**2 - 9*f - 14. Determine g(-13).
103
Let p(h) = h**2 + 4*h + 1. Calculate p(-2).
-3
Let k(j) = j**2 - 15*j - 32. Determine k(16).
-16
Let y(o) = -o**2 - 7*o - 2. Calculate y(-7).
-2
Let k(g) = -g**3 - 21*g**2 - 11*g + 176. Determine k(-20).
-4
Let p(q) = 20*q - 31. Give p(3).
29
Let x(u) = u**3 - 12*u**2 + 11*u + 11. What is x(11)?
11
Let m(r) = 2*r**3 + 3*r**2 + 3*r + 3. Calculate m(-2).
-7
Let f(q) = q**3 - 31*q**2 - 66*q - 1. Give f(33).
-1
Let a(v) = v**2 + 5*v - 5. What is a(-5)?
-5
Let l(i) = -i**2 + 22*i - 19. Calculate l(17).
66
Let q(g) = -5*g - 5. Calculate q(-2).
5
Let r(j) = j - 3. Calculate r(7).
4
Let c(z) = -z**3 - 5*z**2 + 4*z - 5. What is c(-5)?
-25
Let a(b) = b**3 - 5*b**2 + 5*b + 7. Determine a(5).
32
Let v(i) = -2*i**2 + 16*i - 6. Calculate v(7).
8
Let f(y) = -53*y**3 - 4*y - 5. Determine f(-1).
52
Let h(v) = -v**2 - 4*v + 7. Give h(-4).
7
Let t(f) = 4*f + 46. What is t(-15)?
-14
Let h(n) = -n**3 - n**2 - 5*n - 13. Determine h(-2).
1
Let q(j) = j**2 + 2*j + 72. What is q(0)?
72
Let f(r) = r**3 + 11*r**2 + 29*r + 7. Calculate f(-8).
-33
Let z(l) = -l**3 - 19*l**2 + 18*l - 16. What is z(-20)?
24
Let o(i) = -i**2 - 4*i - 18. Give o(-4).
-18
Let o(u) = -u**3 + 9*u**2 + 12*u + 5. Give o(10).
25
Let m(j) = -j**2 + 9*j + 33. Calculate m(12).
-3
Let c(s) = -s**2 + 5*s + 8. What is c(8)?
-16
Let o(v) = -15*v - 15. Determine o(2).
-45
Let i(q) = q**3 + 4*q**2 - 2*q - 1. Give i(-4).
7
Let p(v) = 23*v - 20. Determine p(3).
49
Let d(a) = a**3 - 5*a**2 + 6*a - 3. What is d(5)?
27
Let